725?
2
What is the units digit of 90?
0
What is the hundreds digit of 4668?
6
What is the thousands digit of 3645?
3
What is the hundreds digit of 10141?
1
What is the thousands digit of 5541?
5
What is the units digit of 10454?
4
What is the units digit of 364?
4
What is the units digit of 18946?
6
What is the thousands digit of 1103?
1
What is the units digit of 64?
4
What is the ten thousands digit of 52626?
5
What is the units digit of 7643?
3
What is the thousands digit of 1504?
1
What is the tens digit of 259?
5
What is the thousands digit of 44100?
4
What is the units digit of 633?
3
What is the hundreds digit of 4318?
3
What is the thousands digit of 4171?
4
What is the hundreds digit of 1062?
0
What is the tens digit of 59563?
6
What is the units digit of 14230?
0
What is the units digit of 452?
2
What is the hundreds digit of 2621?
6
What is the thousands digit of 65932?
5
What is the ten thousands digit of 43542?
4
What is the tens digit of 14331?
3
What is the ten thousands digit of 14154?
1
What is the tens digit of 782?
8
What is the tens digit of 10203?
0
What is the tens digit of 51121?
2
What is the tens digit of 2159?
5
What is the tens digit of 753?
5
What is the units digit of 7029?
9
What is the tens digit of 64153?
5
What is the hundreds digit of 36697?
6
What is the units digit of 4398?
8
What is the thousands digit of 43189?
3
What is the hundreds digit of 1697?
6
What is the thousands digit of 1904?
1
What is the hundreds digit of 415?
4
What is the thousands digit of 4451?
4
What is the tens digit of 361?
6
What is the tens digit of 13086?
8
What is the thousands digit of 69541?
9
What is the hundreds digit of 915?
9
What is the hundreds digit of 1425?
4
What is the units digit of 1914?
4
What is the tens digit of 8430?
3
What is the thousands digit of 11577?
1
What is the tens digit of 22755?
5
What is the hundreds digit of 60534?
5
What is the tens digit of 1236?
3
What is the thousands digit of 11798?
1
What is the thousands digit of 1500?
1
What is the thousands digit of 24049?
4
What is the tens digit of 41380?
8
What is the hundreds digit of 9423?
4
What is the thousands digit of 16660?
6
What is the thousands digit of 4051?
4
What is the hundreds digit of 24612?
6
What is the units digit of 4087?
7
What is the tens digit of 3838?
3
What is the hundreds digit of 213?
2
What is the hundreds digit of 1978?
9
What is the tens digit of 6338?
3
What is the units digit of 879?
9
What is the thousands digit of 13969?
3
What is the hundreds digit of 8598?
5
What is the units digit of 38170?
0
What is the thousands digit of 2571?
2
What is the hundreds digit of 4245?
2
What is the tens digit of 2251?
5
What is the thousands digit of 13655?
3
What is the units digit of 26027?
7
What is the thousands digit of 3329?
3
What is the thousands digit of 6569?
6
What is the hundreds digit of 180?
1
What is the units digit of 3293?
3
What is the tens digit of 935?
3
What is the tens digit of 1206?
0
What is the hundreds digit of 929?
9
What is the hundreds digit of 973?
9
What is the units digit of 4632?
2
What is the ten thousands digit of 17222?
1
What is the units digit of 77668?
8
What is the tens digit of 13236?
3
What is the thousands digit of 1954?
1
What is the tens digit of 2617?
1
What is the units digit of 22083?
3
What is the units digit of 64769?
9
What is the hundreds digit of 2388?
3
What is the thousands digit of 20472?
0
What is the ten thousands digit of 16776?
1
What is the units digit of 838?
8
What is the units digit of 1028?
8
What is the hundreds digit of 12470?
4
What is the thousands digit of 14939?
4
What is the hundreds digit of 447?
4
What is the tens digit of 3175?
7
What is the ten thousands digit of 11005?
1
What is the hundreds digit of 1057?
0
What is the thousands digit of 62763?
2
What is the hundreds digit of 1926?
9
What is the hundreds digit of 7229?
2
What is the hundreds digit of 34066?
0
What is the thousands digit of 13909?
3
What is the units digit of 8764?
4
What is the ten thousands digit of 10538?
1
What is the units digit of 212?
2
What is the hundreds digit of 641?
6
What is the units digit of 16325?
5
What is the hundreds digit of 75405?
4
What is the thousands digit of 35751?
5
What is the hundreds digit of 31747?
7
What is the thousands digit of 6568?
6
What is the units digit of 4085?
5
What is the hundreds digit of 24557?
5
What is the tens digit of 4988?
8
What is the hundreds digit of 224?
2
What is the hundreds digit of 533?
5
What is the hundreds digit of 19258?
2
What is the units digit of 7197?
7
What is the units digit of 254?
4
What is the thousands digit of 15767?
5
What is the hundreds digit of 21554?
5
What is the units digit of 637?
7
What is the hundreds digit of 1274?
2
What is the ten thousands digit of 20759?
2
What is the thousands digit of 5071?
5
What is the thousands digit of 2202?
2
What is the hundreds digit of 1062?
0
What is the units digit of 56897?
7
What is the ten thousands digit of 68201?
6
What is the ten thousands digit of 22808?
2
What is the tens digit of 3358?
5
What is the tens digit of 1035?
3
What is the hundreds digit of 1505?
5
What is the tens digit of 1973?
7
What is the units digit of 144852?
2
What is the thousands digit of 1314?
1
What is the tens digit of 807?
0
What is the tens digit of 38008?
0
What is the tens digit of 3005?
0
What is the thousands digit of 91537?
1
What is the thousands digit of 9659?
9
What is the ten thousands digit of 47611?
4
What is the thousands digit of 10870?
0
What is the hundreds digit of 2353?
3
What is the tens digit of 36784?
8
What is the hundreds digit of 43726?
7
What is the hundreds digit of 10190?
1
What is the hundreds digit of 12300?
3
What is the hundreds digit of 1736?
7
What is the units digit of 6038?
8
What is the hundreds digit of 410?
4
What is the thousands digit of 8273?
8
What is the hundreds digit of 965?
9
What is the thousands digit of 29961?
9
What is the thousands digit of 13933?
3
What is the thousands digit of 5785?
5
What is the thousands digit of 67543?
7
What is the tens digit of 39406?
0
What is the thousands digit of 1087?
1
What is the units digit of 10303?
3
What is the hundreds digit of 15364?
3
What is the thousands digit of 1869?
1
What is the thousands digit of 2804?
2
What is the tens digit of 1029?
2
What is the hundreds digit of 2065?
0
What is the thousands digit of 5192?
5
What is the hundreds digit of 3255?
2
What is the tens digit of 50114?
1
What is the hundreds digit of 58311?
3
What is the hundreds digit of 612?
6
What is the thousands digit of 20550?
0
What is the hundreds digit of 7734?
7
What is the units digit of 138?
8
What is the thousands digit of 9292?
9
What is the thousands digit of 17701?
7
What is the hundreds digit of 26701?
7
What is the tens digit of 14804?
0
What is the tens digit of 15109?
0
What is the hundreds digit of 1122?
1
What is the units digit of 636?
6
What is the tens digit of 660?
6
What is the ten thousands digit of 19613?
1
What is the ten thousands digit of 91557?
9
What is the hundreds digit of 840?
8
What is the thousands digit of 10565?
0
What is the hundreds digit of 794?
7
What is the units digit of 5630?
0
What is the units digit of 6149?
9
What is the hundreds digit of 736?
7
What is the hundred thousands digit of 129747?
1
What is the hundreds digit of 83709?
7
What is the units digit of 1615?
5
What is the tens digit of 4671?
7
What is the units digit of 620?
0
What is the ten thousands digit of 27170?
2
What is the units digit of 840?
0
What is the hundreds digit of 1386?
3
What is the tens digit of 72307?
0
What is the thousands digit of 22095?
2
What is the hundreds digit of 1751?
7
What is the tens digit of 20073?
7
What is the tens digit of 171116?
1
What is the tens digit of 13368?
6
What is the tens digit of 775?
7
What is the units digit of 27474?
4
What is the units digit of 25784?
4
What is the tens digit of 89991?
9
What is the thousands digit of 188003?
8
What is the ten thousands digit of 92999?
9
What is the units digit of 30464?
4
What is the hundreds digit of 75826?
8
What is the tens digit of 615?
1
What is the thousands digit of 14778?
4
What is the ten thousands digit of 16418?
1
What is the h